{"id":15753,"date":"2026-04-27T08:00:00","date_gmt":"2026-04-27T07:00:00","guid":{"rendered":"https:\/\/cinema400coups.fr\/?post_type=portfolio&#038;p=15753"},"modified":"2026-04-09T15:13:27","modified_gmt":"2026-04-09T14:13:27","slug":"vivaldi-et-moi","status":"publish","type":"portfolio","link":"https:\/\/cinema400coups.fr\/?portfolio=vivaldi-et-moi","title":{"rendered":"VIVALDI ET MOI"},"content":{"rendered":"\n<p>(Italie &#8211; France \/ 2026 \/ 1h51)<\/p>\n\n\n\n<p><strong>De Damiano Michieletto<\/strong><\/p>\n\n\n\n<p>Avec Tecla Insolia, Michele Riondino, Fabrizia Sacchi<\/p>\n\n\n\n<p><em>Au d\u00e9but du XVIII\u1d49 si\u00e8cle, l\u2019Ospedale della Piet\u00e0 \u00e0 Venise recueille et forme de jeunes orphelines \u00e0 la musique. Dissimul\u00e9es au public, souvent masqu\u00e9es ou derri\u00e8re une grille, l\u2019orchestre de jeunes filles se produit pour les riches m\u00e9c\u00e8nes de l&rsquo;institution. C\u00e9cilia, 20 ans, y excelle en tant que violoniste. Jusqu&rsquo;au jour o\u00f9 l&rsquo;arriv\u00e9e d\u2019un nouveau ma\u00eetre de musique, Antonio Vivaldi, vient bousculer sa vie et celle de l\u2019Ospedale\u2026<\/em><\/p>\n\n\n\n<hr class=\"wp-block-separator has-alpha-channel-opacity\"\/>\n\n\n\n<p>Librement inspir\u00e9 du roman Stabat Mater de Tizano Scarpa, publi\u00e9 en 2008 et qui a re\u00e7u l\u2019ann\u00e9e suivante le c\u00e9l\u00e8bre Prix Strega en Italie.<\/p>\n\n\n\n<hr class=\"wp-block-separator has-alpha-channel-opacity\"\/>\n\n\n\n<figure class=\"wp-block-embed aligncenter is-type-video is-provider-youtube wp-block-embed-youtube wp-embed-aspect-16-9 wp-has-aspect-ratio\"><div class=\"wp-block-embed__wrapper\">\n<iframe loading=\"lazy\" title=\"VIVALDI ET MOI - Bande-annonce\" width=\"500\" height=\"281\" src=\"https:\/\/www.youtube.com\/embed\/0TAiF4QOEBA?start=3&#038;feature=oembed\" frameborder=\"0\" allow=\"accelerometer; autoplay; clipboard-write; encrypted-media; gyroscope; picture-in-picture; web-share\" referrerpolicy=\"strict-origin-when-cross-origin\" allowfullscreen><\/iframe>\n<\/div><\/figure>\n\n\n\n<hr class=\"wp-block-separator has-alpha-channel-opacity\"\/>\n\n\n\n<div class=\"wp-block-buttons is-content-justification-center is-layout-flex wp-container-core-buttons-is-layout-16018d1d wp-block-buttons-is-layout-flex\">\n<div class=\"wp-block-button\"><a class=\"wp-block-button__link wp-element-button\" href=\"https:\/\/cinema400coups.fr\/?page_id=842\">Les Horaires<\/a><\/div>\n<\/div>\n\n\n\n<hr class=\"wp-block-separator has-alpha-channel-opacity\"\/>\n\n\n\n<p class=\"has-text-align-center\"><strong>S\u00e9ance avant-premi\u00e8re mardi 28 avril 20h en partenariat avec le Conservatoire de Musique \u00e0 Rayonnement Intercommunal de Villefranche.<\/strong><\/p>\n\n\n\n<p class=\"has-text-align-center\"><strong>Isabelle Weisse, Professeure de violon et directrice musicale de l\u2019orchestre \u00ab&nbsp;Cordes en Calade&nbsp;\u00bb au Conservatoire, pr\u00e9sentera puis commentera le film.<\/strong><\/p>\n\n\n\n<p class=\"has-text-align-center\"><strong>La projection sera pr\u00e9c\u00e9d\u00e9e de l\u2019interpr\u00e9tation de deux courtes pi\u00e8ces musicales de Vivaldi par des \u00e9l\u00e8ves du conservatoire.<\/strong><\/p>\n","protected":false},"excerpt":{"rendered":"<p>(Italie &#8211; France \/ 2026 \/ 1h51) De Damiano Michieletto Avec Tecla Insolia, Michele Riondino, Fabrizia Sacchi Au d\u00e9but du XVIII\u1d49 si\u00e8cle, l\u2019Ospedale della Piet\u00e0 \u00e0 Venise recueille et forme de jeunes orphelines \u00e0 la musique. Dissimul\u00e9es au public, souvent &hellip; <a href=\"https:\/\/cinema400coups.fr\/?portfolio=vivaldi-et-moi\">Lire la suite\u00ad\u00ad<\/a><\/p>\n","protected":false},"author":1,"featured_media":15674,"menu_order":0,"comment_status":"closed","ping_status":"closed","template":"","meta":[],"portfolio-type":[6],"class_list":["post-15753","portfolio","type-portfolio","status-publish","has-post-thumbnail","hentry","portfolio-type-affiche-de-films"],"_links":{"self":[{"href":"https:\/\/cinema400coups.fr\/index.php?rest_route=\/wp\/v2\/portfolio\/15753","targetHints":{"allow":["GET"]}}],"collection":[{"href":"https:\/\/cinema400coups.fr\/index.php?rest_route=\/wp\/v2\/portfolio"}],"about":[{"href":"https:\/\/cinema400coups.fr\/index.php?rest_route=\/wp\/v2\/types\/portfolio"}],"author":[{"embeddable":true,"href":"https:\/\/cinema400coups.fr\/index.php?rest_route=\/wp\/v2\/users\/1"}],"replies":[{"embeddable":true,"href":"https:\/\/cinema400coups.fr\/index.php?rest_route=%2Fwp%2Fv2%2Fcomments&post=15753"}],"wp:featuredmedia":[{"embeddable":true,"href":"https:\/\/cinema400coups.fr\/index.php?rest_route=\/wp\/v2\/media\/15674"}],"wp:attachment":[{"href":"https:\/\/cinema400coups.fr\/index.php?rest_route=%2Fwp%2Fv2%2Fmedia&parent=15753"}],"wp:term":[{"taxonomy":"portfolio-type","embeddable":true,"href":"https:\/\/cinema400coups.fr\/index.php?rest_route=%2Fwp%2Fv2%2Fportfolio-type&post=15753"}],"curies":[{"name":"wp","href":"https:\/\/api.w.org\/{rel}","templated":true}]}}

<p>(Italie &#8211; France / 2026 / 1h51)</p>



<p><strong>De Damiano Michieletto</strong></p>



<p>Avec Tecla Insolia, Michele Riondino, Fabrizia Sacchi</p>



<p><em>Au début du XVIIIᵉ siècle, l’Ospedale della Pietà à Venise recueille et forme de jeunes orphelines à la musique. Dissimulées au public, souvent masquées ou derrière une grille, l’orchestre de jeunes filles se produit pour les riches mécènes de l&rsquo;institution. Cécilia, 20 ans, y excelle en tant que violoniste. Jusqu&rsquo;au jour où l&rsquo;arrivée d’un nouveau maître de musique, Antonio Vivaldi, vient bousculer sa vie et celle de l’Ospedale…</em></p>



<hr class="wp-block-separator has-alpha-channel-opacity"/>



<p>Librement inspiré du roman Stabat Mater de Tizano Scarpa, publié en 2008 et qui a reçu l’année suivante le célèbre Prix Strega en Italie.</p>



<hr class="wp-block-separator has-alpha-channel-opacity"/>



<figure class="wp-block-embed aligncenter is-type-video is-provider-youtube wp-block-embed-youtube wp-embed-aspect-16-9 wp-has-aspect-ratio"><div class="wp-block-embed__wrapper">
<iframe loading="lazy" title="VIVALDI ET MOI - Bande-annonce" width="500" height="281" src="https://www.youtube.com/embed/0TAiF4QOEBA?start=3&#038;feature=oembed" frameborder="0" allow="accelerometer; autoplay; clipboard-write; encrypted-media; gyroscope; picture-in-picture; web-share" referrerpolicy="strict-origin-when-cross-origin" allowfullscreen></iframe>
</div></figure>



<hr class="wp-block-separator has-alpha-channel-opacity"/>



<div class="wp-block-buttons is-content-justification-center is-layout-flex wp-container-core-buttons-is-layout-16018d1d wp-block-buttons-is-layout-flex">
<div class="wp-block-button"><a class="wp-block-button__link wp-element-button" href="https://cinema400coups.fr/?page_id=842">Les Horaires</a></div>
</div>



<hr class="wp-block-separator has-alpha-channel-opacity"/>



<p class="has-text-align-center"><strong>Séance avant-première mardi 28 avril 20h en partenariat avec le Conservatoire de Musique à Rayonnement Intercommunal de Villefranche.</strong></p>



<p class="has-text-align-center"><strong>Isabelle Weisse, Professeure de violon et directrice musicale de l’orchestre «&nbsp;Cordes en Calade&nbsp;» au Conservatoire, présentera puis commentera le film.</strong></p>



<p class="has-text-align-center"><strong>La projection sera précédée de l’interprétation de deux courtes pièces musicales de Vivaldi par des élèves du conservatoire.</strong></p>

<p>(Italie &#8211; France / 2026 / 1h51) De Damiano Michieletto Avec Tecla Insolia, Michele Riondino, Fabrizia Sacchi Au début du XVIIIᵉ siècle, l’Ospedale della Pietà à Venise recueille et forme de jeunes orphelines à la musique. Dissimulées au public, souvent &hellip; <a href="https://cinema400coups.fr/?portfolio=vivaldi-et-moi">Lire la suite­­</a></p>
