{"id":15552,"date":"2026-03-16T08:00:00","date_gmt":"2026-03-16T07:00:00","guid":{"rendered":"https:\/\/cinema400coups.fr\/?post_type=portfolio&#038;p=15552"},"modified":"2026-03-30T13:09:35","modified_gmt":"2026-03-30T12:09:35","slug":"les-rayons-et-les-ombres","status":"publish","type":"portfolio","link":"https:\/\/cinema400coups.fr\/?portfolio=les-rayons-et-les-ombres","title":{"rendered":"LES RAYONS ET LES OMBRES"},"content":{"rendered":"\n<p>(France \/ 2026 \/ 3h11)<\/p>\n\n\n\n<p><strong>De Xavier Giannoli<\/strong><\/p>\n\n\n\n<p>Avec Jean Dujardin, Nastya Golubeva, August Diehl<\/p>\n\n\n\n<p><em>Pendant la Deuxi\u00e8me Guerre mondiale, l\u2019histoire vraie de Jean et Corinne Luchaire, un p\u00e8re et sa fille pris dans l\u2019engrenage de la collaboration. Jean et Otto, un homme de presse fran\u00e7ais et un jeune Allemand francophile, partagent un id\u00e9al : pr\u00e9server la paix en Europe. Tandis que la fille de Jean, Corinne, entame une brillante carri\u00e8re d\u2019actrice de cin\u00e9ma, la guerre \u00e9clate et la France est occup\u00e9e. Dans cette nouvelle France, les deux amis se retrouvent au c\u0153ur du pouvoir.<\/em><\/p>\n\n\n\n<hr class=\"wp-block-separator has-alpha-channel-opacity\"\/>\n\n\n\n<figure class=\"wp-block-embed aligncenter is-type-video is-provider-youtube wp-block-embed-youtube wp-embed-aspect-16-9 wp-has-aspect-ratio\"><div class=\"wp-block-embed__wrapper\">\n<iframe loading=\"lazy\" title=\"LES RAYONS ET LES OMBRES - Bande-annonce officielle [Le 18 mars au cin\u00e9ma]\" width=\"500\" height=\"281\" src=\"https:\/\/www.youtube.com\/embed\/f3z46ECvYsk?feature=oembed\" frameborder=\"0\" allow=\"accelerometer; autoplay; clipboard-write; encrypted-media; gyroscope; picture-in-picture; web-share\" referrerpolicy=\"strict-origin-when-cross-origin\" allowfullscreen><\/iframe>\n<\/div><\/figure>\n\n\n\n<hr class=\"wp-block-separator has-alpha-channel-opacity\"\/>\n\n\n\n<div class=\"wp-block-buttons is-content-justification-center is-layout-flex wp-container-core-buttons-is-layout-16018d1d wp-block-buttons-is-layout-flex\">\n<div class=\"wp-block-button\"><a class=\"wp-block-button__link wp-element-button\" href=\"https:\/\/cinema400coups.fr\/?page_id=842\">Les Horaires<\/a><\/div>\n<\/div>\n","protected":false},"excerpt":{"rendered":"<p>(France \/ 2026 \/ 3h11) De Xavier Giannoli Avec Jean Dujardin, Nastya Golubeva, August Diehl Pendant la Deuxi\u00e8me Guerre mondiale, l\u2019histoire vraie de Jean et Corinne Luchaire, un p\u00e8re et sa fille pris dans l\u2019engrenage de la collaboration. Jean et &hellip; <a href=\"https:\/\/cinema400coups.fr\/?portfolio=les-rayons-et-les-ombres\">Lire la suite\u00ad\u00ad<\/a><\/p>\n","protected":false},"author":1,"featured_media":15405,"menu_order":0,"comment_status":"closed","ping_status":"closed","template":"","meta":[],"portfolio-type":[6],"class_list":["post-15552","portfolio","type-portfolio","status-publish","has-post-thumbnail","hentry","portfolio-type-affiche-de-films"],"_links":{"self":[{"href":"https:\/\/cinema400coups.fr\/index.php?rest_route=\/wp\/v2\/portfolio\/15552","targetHints":{"allow":["GET"]}}],"collection":[{"href":"https:\/\/cinema400coups.fr\/index.php?rest_route=\/wp\/v2\/portfolio"}],"about":[{"href":"https:\/\/cinema400coups.fr\/index.php?rest_route=\/wp\/v2\/types\/portfolio"}],"author":[{"embeddable":true,"href":"https:\/\/cinema400coups.fr\/index.php?rest_route=\/wp\/v2\/users\/1"}],"replies":[{"embeddable":true,"href":"https:\/\/cinema400coups.fr\/index.php?rest_route=%2Fwp%2Fv2%2Fcomments&post=15552"}],"wp:featuredmedia":[{"embeddable":true,"href":"https:\/\/cinema400coups.fr\/index.php?rest_route=\/wp\/v2\/media\/15405"}],"wp:attachment":[{"href":"https:\/\/cinema400coups.fr\/index.php?rest_route=%2Fwp%2Fv2%2Fmedia&parent=15552"}],"wp:term":[{"taxonomy":"portfolio-type","embeddable":true,"href":"https:\/\/cinema400coups.fr\/index.php?rest_route=%2Fwp%2Fv2%2Fportfolio-type&post=15552"}],"curies":[{"name":"wp","href":"https:\/\/api.w.org\/{rel}","templated":true}]}}

<p>(France / 2026 / 3h11)</p>



<p><strong>De Xavier Giannoli</strong></p>



<p>Avec Jean Dujardin, Nastya Golubeva, August Diehl</p>



<p><em>Pendant la Deuxième Guerre mondiale, l’histoire vraie de Jean et Corinne Luchaire, un père et sa fille pris dans l’engrenage de la collaboration. Jean et Otto, un homme de presse français et un jeune Allemand francophile, partagent un idéal : préserver la paix en Europe. Tandis que la fille de Jean, Corinne, entame une brillante carrière d’actrice de cinéma, la guerre éclate et la France est occupée. Dans cette nouvelle France, les deux amis se retrouvent au cœur du pouvoir.</em></p>



<hr class="wp-block-separator has-alpha-channel-opacity"/>



<figure class="wp-block-embed aligncenter is-type-video is-provider-youtube wp-block-embed-youtube wp-embed-aspect-16-9 wp-has-aspect-ratio"><div class="wp-block-embed__wrapper">
<iframe loading="lazy" title="LES RAYONS ET LES OMBRES - Bande-annonce officielle [Le 18 mars au cinéma]" width="500" height="281" src="https://www.youtube.com/embed/f3z46ECvYsk?feature=oembed" frameborder="0" allow="accelerometer; autoplay; clipboard-write; encrypted-media; gyroscope; picture-in-picture; web-share" referrerpolicy="strict-origin-when-cross-origin" allowfullscreen></iframe>
</div></figure>



<hr class="wp-block-separator has-alpha-channel-opacity"/>



<div class="wp-block-buttons is-content-justification-center is-layout-flex wp-container-core-buttons-is-layout-16018d1d wp-block-buttons-is-layout-flex">
<div class="wp-block-button"><a class="wp-block-button__link wp-element-button" href="https://cinema400coups.fr/?page_id=842">Les Horaires</a></div>
</div>

<p>(France / 2026 / 3h11) De Xavier Giannoli Avec Jean Dujardin, Nastya Golubeva, August Diehl Pendant la Deuxième Guerre mondiale, l’histoire vraie de Jean et Corinne Luchaire, un père et sa fille pris dans l’engrenage de la collaboration. Jean et &hellip; <a href="https://cinema400coups.fr/?portfolio=les-rayons-et-les-ombres">Lire la suite­­</a></p>
